
11, 13, 127, 199
List the prime factors of 4613320.
2, 5, 29, 41, 97
What are the prime factors of 659379?
3, 7, 17, 1847
List the prime factors of 1329279.
3, 7, 63299
List the prime factors of 298288.
2, 103, 181
List the prime factors of 7917630.
2, 3, 5, 7, 37, 1019
What are the prime factors of 1992678?
2, 3, 332113
What are the prime factors of 2238531?
3, 746177
List the prime factors of 104372.
2, 97, 269
List the prime factors of 1910914.
2, 955457
List the prime factors of 334069.
334069
List the prime factors of 2530450.
2, 5, 13, 17, 229
List the prime factors of 136401.
3, 19, 2393
What are the prime factors of 4479313?
17, 263489
List the prime factors of 9407013.
3, 7, 11, 193, 211
What are the prime factors of 848916?
2, 3, 23581
What are the prime factors of 19606774?
2, 11, 41, 21737
List the prime factors of 167474.
2, 83737
List the prime factors of 3117500.
2, 5, 29, 43
List the prime factors of 18623145.
3, 5, 521, 2383
List the prime factors of 1618964.
2, 227, 1783
What are the prime factors of 419639?
11, 38149
What are the prime factors of 523924?
2, 130981
What are the prime factors of 2063150?
2, 5, 41263
What are the prime factors of 13614?
2, 3, 2269
List the prime factors of 6896422.
2, 13, 265247
List the prime factors of 115539.
3, 19, 2027
List the prime factors of 32071087.
32071087
List the prime factors of 6326066.
2, 61, 51853
What are the prime factors of 18761986?
2, 2333, 4021
What are the prime factors of 28398470?
2, 5, 59, 127, 379
List the prime factors of 35454.
2, 3, 19, 311
What are the prime factors of 1708279?
17, 23, 257
List the prime factors of 15707900.
2, 5, 13, 43, 281
List the prime factors of 497609.
7, 67, 1061
List the prime factors of 461157.
3, 153719
List the prime factors of 427201.
83, 5147
What are the prime factors of 135892?
2, 53, 641
List the prime factors of 5457947.
11, 43, 1049
List the prime factors of 6848087.
6848087
What are the prime factors of 16938069?
3, 17, 67, 4957
List the prime factors of 316682.
2, 158341
What are the prime factors of 1066979?
1066979
What are the prime factors of 172676?
2, 7, 881
What are the prime factors of 888007?
23, 38609
What are the prime factors of 103011?
3, 34337
List the prime factors of 3227777.
7, 19, 3467
What are the prime factors of 34113?
3, 83, 137
What are the prime factors of 5113631?
5113631
What are the prime factors of 412579?
31, 13309
List the prime factors of 359787.
3, 119929
What are the prime factors of 147042?
2, 3, 7, 389
What are the prime factors of 22256569?
22256569
List the prime factors of 878889.
3, 11, 26633
List the prime factors of 8568991.
1231, 6961
What are the prime factors of 4356335?
5, 17, 53, 967
What are the prime factors of 239083?
13, 53, 347
List the prime factors of 4452180.
2, 3, 5, 74203
What are the prime factors of 93363?
3, 31121
What are the prime factors of 11068407?
3, 7, 241
List the prime factors of 13201372.
2, 3300343
What are the prime factors of 1502012?
2, 31, 12113
List the prime factors of 778870.
2, 5, 71, 1097
List the prime factors of 846583.
17, 19, 2621
What are the prime factors of 20723311?
7, 487, 6079
What are the prime factors of 442149?
3, 19, 7757
What are the prime factors of 234284?
2, 37, 1583
What are the prime factors of 3143678?
2, 1571839
What are the prime factors of 842645?
5, 127, 1327
What are the prime factors of 7774196?
2, 1217, 1597
List the prime factors of 248833.
13, 19141
List the prime factors of 7516398.
2, 3, 269, 4657
What are the prime factors of 611585?
5, 13, 97
List the prime factors of 9998840.
2, 5, 249971
What are the prime factors of 4537188?
2, 3, 43, 977
What are the prime factors of 254163?
3, 7, 13, 19
List the prime factors of 2663537.
47, 56671
List the prime factors of 217197.
3, 24133
What are the prime factors of 581825?
5, 17, 37
List the prime factors of 1973502.
2, 3, 109639
What are the prime factors of 205933?
7, 13, 31, 73
List the prime factors of 290571.
3, 96857
List the prime factors of 1440067.
19, 75793
What are the prime factors of 794459?
73, 10883
What are the prime factors of 786686?
2, 47, 8369
List the prime factors of 16198866.
2, 3, 33331
List the prime factors of 32016.
2, 3, 23, 29
List the prime factors of 9724525.
5, 37, 10513
List the prime factors of 4350709.
11, 137, 2887
List the prime factors of 1955975.
5, 7, 11177
What are the prime factors of 10973056?
2, 59, 1453
List the prime factors of 3553181.
151, 23531
What are the prime factors of 167844?
2, 3, 71, 197
What are the prime factors of 1598767?
1598767
What are the prime factors of 1159065?
3, 5, 43, 599
What are the prime factors of 299741?
13, 23057
List the prime factors of 2212777.
7, 283, 1117
List the prime factors of 336085.
5, 67217
List the prime factors of 10979095.
5, 2195819
What are the prime factors of 109524?
2, 3, 9127
List the prime factors of 3387268.
2, 71, 11927
List the prime factors of 4886102.
2, 13, 187927
List the prime factors of 3298893.
3, 13, 251, 337
List the prime factors of 7469.
7, 11, 97
List the prime factors of 28340652.
2, 3, 2361721
What are the prime factors of 1384581?
3, 11, 41957
List the prime factors of 548364.
2, 3, 45697
List the prime factors of 7159924.
2, 17, 71, 1483
List the prime factors of 201055.
5, 79, 509
List the prime factors of 32724364.
2, 8181091
List the prime factors of 345943.
13, 23, 89
What are the prime factors of 1114843?
17, 65579
What are the prime factors of 7323469?
7323469
List the prime factors of 10852640.
2, 5, 67829
List the prime factors of 203331.
3, 67777
List the prime factors of 10824846.
2, 3, 179, 10079
What are the prime factors of 838537?
7, 109, 157
What are the prime factors of 25980370?
2, 5, 13, 15373
What are the prime factors of 373280?
2, 5, 2333
What are the prime factors of 476000?
2, 5, 7, 17
List the prime factors of 9326538.
2, 3, 13, 39857
What are the prime factors of 14524007?
73, 198959
What are the prime factors of 1246466?
2, 13, 191, 251
List the prime factors of 74095.
5, 7, 29, 73
List the prime factors of 205759.
205759
What are the prime factors of 4552569?
3, 7, 127, 569
List the prime factors of 1484016.
2, 3, 43, 719
List the prime factors of 16358000.
2, 5, 8179
What are the prime factors of 359047?
13, 71, 389
List the prime factors of 2855762.
2, 7, 13, 17, 71
What are the prime factors of 24601266?
2, 3, 455579
List the prime factors of 480769.
23, 20903
What are the prime factors of 12089050?
2, 5, 241781
What are the prime factors of 17322524?
2, 17, 269, 947
List the prime factors of 3047422.
2, 7, 109, 1997
List the prime factors of 450558.
2, 3, 25031
List the prime factors of 87371.
41, 2131
List the prime factors of 3228898.
2, 19, 31, 2741
What are the prime factors of 950060?
2, 5, 67, 709
What are the prime factors of 9687092?
2, 59, 41047
List the prime factors of 107321.
17, 59, 107
What are the prime factors of 167394?
2, 3, 23, 1213
List the prime factors of 10955489.
10955489
List the prime factors of 1020278.
2, 7, 29, 359
List the prime factors of 414107.
414107
What are the prime factors of 357529?
47, 7607
List the prime factors of 3026435.
5, 499, 1213
List the prime factors of 13910129.
13910129
List the prime factors of 39526899.
3, 13175633
List the prime factors of 262595.
5, 29, 1811
List the prime factors of 8942889.
3, 173, 17231
What are the prime factors of 269604?
2, 3, 7489
What are the prime factors of 923939?
923939
List the prime factors of 219841.
191, 1151
List the prime factors of 693973.
7, 99139
List the prime factors of 85964.
2, 21491
What are the prime factors of 12568631?
1879, 6689
What are the prime factors of 317465?
5, 63493
List the prime factors of 9750805.
5, 1950161
What are the prime factors of 589848?
2, 3, 7, 3511
List the prime factors of 265304.
2, 13, 2551
List the prime factors of 1706441.
11, 53, 2927
List the prime factors of 14875646.
2, 17, 437519
List the prime factors of 69283.
79, 877
List the prime factors of 110437.
110437
What are the prime factors of 1744920?
2, 3, 5, 37, 131
List the prime factors of 4171630.
2, 5, 17, 53, 463
List the prime factors of 317334.
2, 3, 52889
List the prime factors of 217580.
2, 5, 11, 23, 43
What are the prime facto